ulate (4 - 11 - -4) + 1 + (13 - 5).
6
33 + -7 + (-8 - -15) - 1
32
Evaluate -17 + (15 - (-8 - 25)) - 2.
29
18 + (-10 - (-5 + 1 + 1))
11
Evaluate (16 - 26) + (0 - 5) - 7.
-22
Evaluate (17 - ((-18 - -47) + 16)) + -6.
-34
What is the value of -8 + -1 + (-3 - -4) - -5?
-3
Evaluate 1 + 1 - (426 + -445).
21
What is -13 + (4 - (3 + -2)) + (-269 - -271)?
-8
13 + -15 + -11 - -11
-2
What is 4 + -2 + 0 + (145 - 146)?
1
Calculate -6 - ((9 - (6 - 6)) + (1 - 7)).
-9
What is 12 - (-24 + 78 + -19)?
-23
What is the value of -2 - 1 - 3 - 0 - (16 - 14)?
-8
Calculate (5 - 5) + -33 - (3 - (8 + 5)).
-23
What is -2 - (4 - 12) - (6 + -8)?
8
Calculate 2 + (1 - -2 - ((32 - 4) + -8)).
-15
Calculate -33 + 26 + 43 + -16.
20
Calculate 2 + 5 + -103 + 105.
9
Evaluate (-10 - -24 - 4) + -29.
-19
What is the value of 457 + -475 - (-8 - 0)?
-10
What is (-1 - 2) + (1 - 4) + 7 - 7?
-6
Evaluate (-12 - ((6 - 13) + 6 + 0)) + 2.
-9
What is the value of -9 + 20 + -21 - (1 + -1 + -4)?
-6
What is the value of -4 - ((2 - 1) + -2 - 5)?
2
Evaluate -5 + -23 + 13 + 9.
-6
What is the value of -5 + (1 - (-10 - -4 - (6 + 1)))?
9
What is -2 + (-6 - -3) + (3 - 4) - -17?
11
Evaluate 0 - -12 - (9 + (-9 - 7)).
19
Evaluate 7 - (-9 - (11 - 18) - 2).
11
What is the value of 3 + (-9 - 0) + (-4 - -6 - -4)?
0
Evaluate 15 + -37 + 24 + -6 + -1.
-5
What is the value of -1 + 11 + -10 + 1 + -4 - 1?
-4
What is the value of 22 - 41 - (-20 - 7)?
8
What is -4 + -53 - (-60 + 30)?
-27
1 + 9 + (44 - -26 - 59)
21
What is 2 + 14 + -22 + -28 + 12?
-22
What is 6 + -33 + (12 - -1)?
-14
-5 - (0 + -17 + 12)
0
What is the value of -4 + 3 + 0 + 11 - (-6 + 6)?
10
What is -2 - (-29 + 24 + (1 - -13) + -5)?
-6
What is the value of (1 + (-5 - 1) - (-4 - -1)) + 6?
4
What is (0 - (1 + 2)) + (-386 - -391)?
2
What is the value of 22 + (-169 + 140 - (-16 + 1))?
8
What is the value of 3 + (-6 - -11) - (-9 - -29)?
-12
Evaluate (-23 - -1) + (183 - 180).
-19
Calculate -3 + 2 - ((2 - 3 - 10) + 3).
7
What is (4 - 0) + -8 + (27 - 35)?
-12
Calculate -23 + (10 + -3 - -3).
-13
Calculate 30 + -5 + -9 + -13.
3
Calculate -30 + (20 - -15) - 14.
-9
Evaluate 7 + 1 + 5 + (-5 - 3).
5
Evaluate (-25 - (36 - 82)) + (-5 - 0).
16
What is the value of 9 + (-4 - (4 - -6))?
-5
What is -27 - (-10 + -4 + -3 - (-13 + 3))?
-20
What is the value of 0 - (4 + (-2 - -3)) - (-12 + 20)?
-13
Calculate (11 - (12 - 21)) + -50.
-30
Evaluate -39 + (52 - 28) + 13.
-2
What is the value of -6 - (15 + 9 - 16)?
-14
What is 6 - (-4 - (-1 - 3 - (7 - 0)))?
-1
What is the value of -8 + 0 + -2 + -6 + 2 - -2?
-12
5 + 3 + 3 - 3
8
Evaluate (28 - (27 - 0)) + -6.
-5
Evaluate 7 + -25 + -2 + -3 + 5 + 5.
-13
What is -2 + 1 - (0 + -9 - (-18 + 23))?
13
Evaluate 0 - ((-21 - -4) + 4 - (-17 - -10)).
6
What is the value of -9 + 0 - (-88 + 50 + 29)?
0
What is the value of (-66 - -31) + 9 + 33?
7
What is 30 + -35 + 37 - 59?
-27
-15 - (11 + -22 + 11)
-15
Calculate (0 - 1) + -8 + (-57 + 40 - -13).
-13
Evaluate (3 - 8) + (-2 + 14 - 13).
-6
7 + (-6 - -7) + 2 + -4 - 4
2
Evaluate -23 + 12 - -23 - 22 - 5.
-15
Evaluate 10 + -11 + 0 + 9 + -13.
-5
Evaluate -16 + -4 + (-7 - (2 + -4) - -15).
-10
What is (10 - 4) + -6 + -3?
-3
What is the value of -1 + -7 + 2 + (-2 - 3) + 9?
-2
What is the value of 11 - (29 - 14 - 14)?
10
What is 1 + 13 + -10 + -10 - 4?
-10
Evaluate 1 + 0 + 14 - (521 + -516) - -5.
15
Evaluate 1 + 3 + -8 - (-6 + -1 - 3).
6
What is -17 + 14 + (4 - (33 + 2)) - -9?
-25
What is the value of -3 + -5 + 10 + -3 + 2?
1
What is the value of (-2 + 11 - -3) + (63 - 66)?
9
Evaluate (-11 - (-3 - -2)) + -26 + 9 + 19.
-8
(-2 + (-15 - -7) - -2) + 13
5
What is (28 - -7) + (9 - (19 + 0)) + 4?
29
Evaluate (18 - (14 + 0)) + 6.
10
Calculate -7 - -20 - 15 - 11.
-13
What is (7 + (11 - 8) - 7) + -13 + -1?
-11
(7 + -11 - 0) + 8 + 11
15
Evaluate 3 - -1 - (-1 - 7 - -10).
2
What is 5 + (2 - 1) - 13 - 4?
-11
What is (-8 - -10) + -35 + (24 - 15)?
-24
5 + 0 - (-2 - (-6 + (23 - 10)))
14
28 - (-25 + 49 - -5)
-1
What is the value of 262 - 255 - (-11 - -2)?
16
24 - ((1 - -5) + (-80 - -83))
15
Evaluate -1 + 29 + (-1499 - -1446).
-25
What is the value of 16 - -3 - (45 - 4)?
-22
Evaluate 5 + -17 + (9 - 14).
-17
(29 - 1) + (92 - 148)
-28
18 + -14 - -15 - 10
9
What is (-46 - -31) + 35 + (-2 - -10)?
28
What is -19 - (-1 + (-18 - (-5 - 3) - 1))?
-7
4 + 10 + 1 - (2 + 11 - 10)
12
What is the value of -8 + -1 + (-17 - ((-2 - 4) + -7))?
-13
Calculate 17 + -2 + 0 - (1290 + -1282).
7
-4 + -6 - -19 - -10 - 20
-1
-8 - (17 + (-57 - -18))
14
What is (1 - -20 - -4) + 7 + -13?
19
What is the value of -2 + 4 + (-8 - -10 - -1) + -13?
-8
18 + -19 + -1 + 6
4
Calculate -4 + -7 - (6 - 5 - 27).
15
14 - (0 - -4 - -37 - 12)
-15
Evaluate -14 + 0 - (19 + (-36 - -14)).
-11
Evaluate 0 + (-3 - (-8 - -4 - -1)).
0
What is the value of 9 + 1 + (-11 - (-2 + -6 + 3))?
4
What is 2 + 2 + (-4 - (8 - -2 - -2))?
-12
What is the value of -3 - (-7 + 11) - (-37 - -11)?
19
Calculate -30 + (17 - (6 - 7)).
-12
(-1 + -5 + -2 - -4) + 11
7
Evaluate -5 - (-8 - (-1 - 18)).
-16
What is the value of 0 - 1 - (14 + 4 + -10)?
-9
46 + (-39 - 27) - (1 + -11)
-10
What is the value of 37 + -15 + -16 + (14 + 0 - 2)?
18
(-4 - (-11 + -5)) + -26
-14
Evaluate 15 - (-7 + -5 - -24).
3
Calculate -43 - -60 - (21 + -25).
21
What is the value of 3 + -1 - (-1 - 4)?
7
-5 - (-40 + -16 + 14)
37
What is the value of 258 - 223 - (1 + 29)?
5
Evaluate -10 + (7 - 11 - -6).
-8
Calculate (27 - 1) + 613 + -611.
28
Calculate -32 + 2 + -31 + 36 + 8.
-17
Evaluate -12 - -19 - (7 - 2) - -6.
8
What is -5 - -1 - (-5 - -26 - 13)?
-12
Evaluate 45 + -57 - (9 - -5).
-26
What is (-4 - (11 - (-3 - -11))) + (20 - -6)?
19
Evaluate 14 - (-2 + (-2 - -7 - -4)).
7
(-8 - (1 + -1)) + (85 + -103 - -46)
20
Calculate (16 - (1 + 9)) + 7.
13
Calculate (55 - 67) + 13 + -2 + -4 - -25.
20
(21 - (-1 + 3)) + (-11 - -10)
18
Calculate -1 - 0 - 3 - (0 + -4 - 9).
9
Evaluate -10 - 0 - (-11 - -5 - -11) - -2.
-13
6 + (1 - -1 - 13)
-5
Calculate -26 + (-16 - -1) + -14 + 31.
-24
Evaluate -2 - (26 + -9 + (1 - 10)).
-10
Calculate -4 - (-4 + -3 + 13 + -5).
-5
Calculate 12 - (26 - (-9 + 11 - 13)).
-25
Calculate 0 - -4 - (25 + (5 - -9)).
-35
Calculate (-3 + 10 - 5 - (25 + -32)) + -22.
-13
What is -87 + 109 + (0 + 0 - -1)?
23
What is (3 - (-2 + 3)) + -5 + (31 - 16)?
12
What is the value of (-11 + 35 - 34) + 1?
-9
Calculate (1 + -4 - -4) + 2 + 6 + -2.
7
18 + -93 - -28 - -35
-12
Evaluate -224 + 188 + 56 + -2.
18
8 + -4 + (0 - 2) + (14 - 11)
5
-1 + -7 + (-1 - (-48 + 36))
3
What is the value of 9 - (1 - -19) - (4 + -8)?
-7
Calculate (6 - 0 - (-86 - -96)) + 19.
15
What is the value of -11 + 15 - 13 - -18?
9
-15 + (-8 + 12 - 19) - -11
-19
Evaluate (3 - (10 + 1) - 0) + 13 - 9.
-4
12 - (-4 - -21) - (-4 - 0)
-1
What is the value of (6 + -10 + 8 - 2) + -3?
-1
0 - 5 - (-223 - -236)
-18
-9 - ((16 + -6 - 25) + 8)
-2
What is 64 + -2 + (-272 - -238)?
28
What is 6 + 63 + -30 - 55?
-16
What is (-11 - (-35 + 3)) + -6?
15
What is the value of 1 - -2 - (3 - -16)?
-16
8 + -2 - ((-42 - -8) + 41)
-1
Evaluate -13 - (0 + -8 + 110 + -136).
21
Calculate (17 + -32 - -5 - (-6 + -1)) + 6.
3
What is the value of (0 - (-4 + (10 - 3))) + -80 + 71?
-12
17 + (-1 - 51 - (-258 + 253))
-30
What is 5 + -15 - 31 - -69?
28
Calculate (-3 - -16 - -1) + (-197 - -203).
20
Calculate (5 - -7 - 28) + -2.
-18
Calculate -8 + 0 + -1 - (270 - 277).
-2
What is 11 - ((14 - -6) + -14 - 6)?
11
Evaluate -8 - (-21 - (19 - 38)).
-6
What is the value of -1 - (17 + -33) - 17 - -28?
26
What is -4 - (2 - (-7 + 1 + 23))?
11
1 + 4 - ((5 - 3) + 0 + -8)
11
155 + -194 + -2 + (-1 - -9 - -2)
-31
Calculate -13 + (-2 - (4 + -7)) + 16.
4
Evaluate -41 + 48 + (-9 - -2) + -5.
-5
6 - (7 - (5 - -6))
10
(-13 - (4 + 18)) + 11
-24
-25 + 1 - (10 + 4 + -24)
-14
Evaluate 2 - -3 - (0 + 0) - (35 - 36).
6
What is (3 + -29 - -4) + 14?
-8
What is the value of (-24 - (-9 + -24)) + -27?
-18
Calculate 30 - ((-11 - -7) + 24).
10
What is -29 - (14 - (2 + -3) - (-161 - -171))?
-34
Evaluate (-7 + -20 - -24) + 29.
26
What is (2 + 0 - (-20 - -3) - 6) + -7?
6
8 + 0 + -35 + 17 + 4
-6
Evaluate -12 - (1 + (-8 - 10) + 23).
-18
What is 8 - ((71 - 59) + -2 + 4 + -3)?
-3
Calculate 0 + 14 - 12 - 7.
-5
What is -13 + -10 + 3 - -23?
3
12 - (0 + (-2 - -9)) - 14
-9
What is the value of -30 + (72 - 14) - 27?
1
What is (-10 - -15) + 6 + 2 + 1?
14
What is the value of -10 